**2 + 9*x + 10. Let c be f(-5). Let o = c - v. What is the greatest common divisor of o and 4?
4
Let s be ((-84)/2)/((-33)/22). Let q = 20 + s. Let j(u) = u**3 - u**2 + 6. Let b be j(0). What is the greatest common divisor of b and q?
6
Let h = -1512 + 1542. Calculate the greatest common divisor of 345 and h.
15
Suppose 0 = -3*w - 13*w + 224. Suppose w + 6 = a - j, 8 = -4*j. Calculate the highest common divisor of 9 and a.
9
Let b be (-6)/((-30)/(-10)) + (-27)/(-3). Calculate the highest common factor of 189 and b.
7
Let t be 703/133 + 4/(-14). Suppose 0 = -q + t*q - 32. Let l be 2 - 3*70/(-3). What is the highest common divisor of q and l?
8
Suppose 9*c + 1520 = 4*c. Let j be c/(-20)*45/6. Let k be (-21)/(-35) + j/10. Calculate the greatest common divisor of k and 48.
12
Let w = -34 - -63. Let z be (-5 - -2) + w + 7. Calculate the greatest common divisor of 3 and z.
3
Suppose -n - 3*m - 3 = -1, 4*m + 24 = 4*n. Suppose -j - 5*h + 95 = 0, j + n*j - 555 = -5*h. Let i = j + -27. Calculate the highest common factor of 8 and i.
8
Let s(c) = c**3 + 25*c**2 - 150*c + 15. Let b be s(-30). Calculate the highest common factor of b and 129.
3
Suppose 2*w - w = 4. Let s be -269 - (-8 + w - -2). Let g = -177 - s. What is the highest common factor of g and 36?
18
Let m be 446/8 + (-2)/(-8). Suppose -40*c + 0 = -160. What is the highest common divisor of m and c?
4
Suppose -f + 2*f + 2*p = 47, 3*p = -15. Let r(q) = -7*q - 67. Let j be r(-15). Calculate the greatest common divisor of j and f.
19
Let k(d) = -d + 21. Let m be k(8). Let h = 4 + m. What is the greatest common factor of h and 68?
17
Suppose 1 = -3*s + 4. Let m = s - -15. Calculate the highest common divisor of m and 40.
8
Suppose -4*b + 0*l = 4*l - 40, 4*l = 4*b. Suppose -b*w = 3*t - 8*t + 180, -4*w = 16. Suppose -4*r + 3*r + 8 = 0. What is the highest common divisor of r and t?
8
Let o be (10/(-8))/(4/(-80)). Let v = 469 + -444. Calculate the greatest common factor of v and o.
25
Let t = -71 + 381. What is the highest common factor of 62 and t?
62
Suppose -j = -5*w - 76, 5*j + 19*w - 23*w - 338 = 0. Calculate the greatest common divisor of j and 33.
33
Let v = -11 + 180. Calculate the highest common factor of v and 13.
13
Suppose -124 - 166 = -5*q - 2*r, 4*r - 290 = -5*q. Calculate the highest common divisor of 2 and q.
2
Suppose 4*v + 3 = 11. Suppose 3*r + 5*w - 52 = 0, 5*r + v*w - 92 = 1. What is the greatest common factor of 76 and r?
19
Suppose -464 = -5*c - 109. Calculate the greatest common factor of 781 and c.
71
Suppose 0 = -10*a + 3512 + 8648. What is the highest common divisor of 38 and a?
38
Let b(l) = l + 17. Let c be b(-13). Suppose -c*q = 26 - 118. Suppose 3*d - 25 = q. What is the highest common factor of 48 and d?
16
Let r = -63 - -97. Suppose r = 3*x - 14. What is the highest common divisor of x and 208?
16
Suppose 11*y - 15*y - p + 15 = 0, -p + 7 = 2*y. Calculate the greatest common divisor of y and 162.
2
Let x(g) = 385*g + 4. Let u be x(-1). Let z = u + 741. What is the highest common factor of 40 and z?
40
Let g(d) = -17*d + 3. Let h be g(-4). Suppose -5*k = 2*n - 1 - 2, 0 = 4*n - 3*k - h. Calculate the greatest common factor of 70 and n.
14
Let i(r) = r**3 + r + 2. Let l be i(0). Let o = 7 - l. Suppose 0 = h - o - 23. What is the highest common factor of 4 and h?
4
Let y(l) = -2*l**2 - 31*l - 76. Let d be y(-12). What is the highest common divisor of d and 50?
2
Suppose -h + 1 + 2 = 0. Suppose 0 = h*j - 2*j. Suppose j = -2*w + 64 - 4. Calculate the highest common divisor of w and 10.
10
Let c(b) = -28*b - 93. Let v be c(-4). Let k be 38/(-8)*1*-20. What is the highest common factor of k and v?
19
Suppose 4*y - 3*c - 573 = -2*c, -593 = -4*y + 5*c. Suppose a - 248 = y. Calculate the greatest common factor of 65 and a.
65
Let g be (2/1)/((-2)/4). Let w = -82 + 154. Let l be (3/g)/((-1)/w). Calculate the greatest common factor of l and 81.
27
Suppose -2*f = -1211 + 311. Suppose 0*a - f = -2*a. Suppose 5*x - 28*m + 26*m - 135 = 0, -x - 4*m = -5. What is the highest common divisor of a and x?
25
Let y = 65 + -52. Let a(k) = 2*k**3 - 6*k**2 + 4*k - 3. Let u be a(5). What is the highest common divisor of y and u?
13
Suppose 30*r = 34*r - 28. What is the highest common divisor of r and 301?
7
Suppose -h + 22 + 11 = 0. Let m be 159/h + -5 + (-246)/(-22). Let v(f) = 98*f**2 + 1. Let s be v(-1). Calculate the highest common factor of s and m.
11
Let v = 730 - 618. Calculate the greatest common factor of v and 63.
7
Let m be (-4)/(-1)*2/1*2. What is the highest common divisor of m and 464?
16
Let t(f) = 96*f**2 + 2*f. Let u be t(1). What is the greatest common divisor of u and 49?
49
Let i(t) = 50*t - 94. Let l be i(10). What is the greatest common factor of 14 and l?
14
Suppose 26 + 18 = 2*d. Calculate the greatest common factor of d and 11.
11
Let u = -9 - -34. Let d = u - 0. Calculate the highest common factor of 5 and d.
5
Let u(c) = -3*c - 53. Let m be u(9). Let q = m + 82. What is the highest common divisor of q and 14?
2
Let d(b) = 12*b + 61. Let w be d(-6). Suppose -j - 4*t = -4*j + 101, 120 = 5*j + 3*t. Let v = w + j. What is the highest common divisor of v and 16?
16
Suppose 0*l - 2*f = 5*l - 680, -5*f - 272 = -2*l. Calculate the highest common factor of l and 34.
34
Let i = 73 + -272. Let a = -109 - i. What is the greatest common factor of 10 and a?
10
Let z be (-3)/(-1*(-5)/(-25)). What is the highest common factor of 345 and z?
15
Suppose -4*g + 19 = 2*c - 33, g + 4*c = -1. Let v be 9594/91 - 3/7. Calculate the greatest common factor of g and v.
15
Let s = 2220 - 2169. What is the highest common factor of s and 493?
17
Suppose -3*x + 93 = -i, 0 = -x + 8*i - 10*i + 24. What is the greatest common factor of x and 6?
6
Let m be 4 - -18*((-8)/12 - -1). Let v = 7 - -3. What is the greatest common divisor of m and v?
10
Let o be 4 + -5 + 6 + -2 + 0. Suppose o*g - 5*g + 30 = 0. What is the highest common factor of g and 30?
15
Let z be ((4 - 1) + -11)*-4. What is the greatest common divisor of z and 400?
16
Let m(y) = 16*y**3 + y**2 - 13*y + 12. Let g be m(1). What is the highest common factor of g and 208?
16
Let k = -77 - -96. Suppose 0 = m + i + i - 2, i + k = 2*m. Calculate the highest common factor of m and 88.
8
Let o(z) = -z**3 + 61*z**2 + 64*z + 110. Let k be o(62). What is the highest common divisor of k and 312?
78
Suppose 39 = 4*w + 11. Let t = w - -3. Let q be 156/t - (-8)/20. Calculate the greatest common divisor of q and 128.
16
Let k be 1 - -2 - (-4 + -70 + 5). What is the highest common divisor of k and 3?
3
Let j(m) be the first derivative of 15*m**2/2 + 15*m + 20. Let s be j(3). Calculate the greatest common factor of s and 24.
12
Suppose 3*s - 16 = -p, -s - 2*s = 4*p - 28. Suppose 3*m - 308 = -p*m. Let d = 139 - 29. Calculate the highest common factor of m and d.
22
Suppose 24*p + 100 = 34*p. Let n be p - 6/((-6)/5). Calculate the highest common factor of n and 10.
5
Suppose 4*d - 2*o = 14, -31*d = -28*d - 2*o - 10. What is the highest common divisor of d and 164?
4
Let c = 87 + -40. Let r = c + -7. What is the highest common factor of r and 5?
5
Let f = 17 - 11. Let g = f + 42. Calculate the greatest common factor of 12 and g.
12
Let f be (-6)/(-13) - (-2112)/832. Let r(n) be the third derivative of n**4/24 - n**2. Let h be r(3). Calculate the highest common factor of h and f.
3
Suppose 0 = -22*f + 17*f + 285. Suppose 2*g + 10 + 14 = x, -5*g + f = 4*x. Calculate the greatest common divisor of 126 and x.
18
Let b(i) = 21*i**2 + i + 3. Let a be b(-2). Let j = a + -71. Calculate the highest common factor of 70 and j.
14
Let h = 26 - -34. Let p = 3 + 87. Calculate the highest common divisor of h and p.
30
Suppose -25*c + 24*c + 3*d + 20 = 0, 3*c = 4*d + 75. Calculate the greatest common divisor of c and 58.
29
Let d be 237952/160 - 8/(-10). What is the greatest common factor of d and 93?
93
Let q(f) be the third derivative of f**5/60 + f**4/8 - 7*f**2. Let n be q(-5). Calculate the highest common divisor of 2 and n.
2
Suppose -2*r = -23 - 13. Suppose -4*a = -t + 20 - 2, 4*a + 16 = 0. Suppose -3*c + 7 = -t. What is the greatest common factor of r and c?
3
Suppose -71*m + 1921 = 3*t - 75*m, -3*t - 5*m = -1885. Calculate the highest common factor of t and 10.
5
Le